- -731. Suppose g + 4 = 7. What is the greatest common factor of t and g?
3
Let n be (-2 - -7)/((-2)/(-16)). Suppose -593 = -12*r + 367. Calculate the greatest common divisor of r and n.
40
Suppose 0 = -4*z + 4, z + z - 6 = -2*g. Suppose 0*p + 5*p - 540 = 0. Suppose -4*l + 52 = y, l = g*y + 5*l - p. Calculate the greatest common divisor of 8 and y.
8
Suppose 0 = -12*j + 187 - 19. Let t = 85 + 41. What is the highest common divisor of j and t?
14
Suppose -f - 3*o + 15 = 0, -o + 2 = o. Let t be 0 + 1 - 5/5. Suppose 0 = -t*z + 4*z - f. What is the highest common factor of 1 and z?
1
Let z = 5319 + -3735. What is the highest common divisor of z and 72?
72
Suppose 3*j - 2*j - 4*r + 2 = 0, -4*r + 14 = 5*j. Suppose -j*i + 28 = 5*s, -3*i = 2*s - s - 3. What is the greatest common factor of 54 and s?
6
Suppose 139 = -8*m + 9*m + 4*s, 0 = -2*m + 2*s + 238. What is the highest common factor of 3 and m?
3
Let v(t) = -t**2 + 15*t - 2. Let b be v(9). Suppose -16 + b = 2*h. Calculate the highest common divisor of 45 and h.
9
Let h be 7*48/(-9)*(-630)/168. What is the greatest common factor of h and 210?
70
Let o be (-1)/((-4)/44*1). Let x be 239 + 3*2/2. Suppose -2*g = -0*g - x. What is the greatest common divisor of g and o?
11
Suppose -103 + 43 = 2*f. Let v be ((-69)/9 + 4)*f. Suppose -86 = -4*n + v. Calculate the highest common divisor of n and 7.
7
Let y = -47 - -51. Let b be -1 + 134/4 - (-2)/y. Calculate the highest common factor of b and 33.
33
Let w be (-18)/(-2) + -3 + 6. Suppose -w = 2*m - 4. Let h be 64/12*(-9)/m. What is the highest common divisor of 12 and h?
12
Suppose -6*s + s - 4*y = -585, -5*s = -5*y - 585. What is the highest common divisor of 936 and s?
117
Let v = 49 - 69. Let l be (-32)/v*5/2. Let i(x) = 7*x - 7. Let s be i(5). What is the greatest common factor of s and l?
4
Let y(c) = 2*c + 30. Let l be y(-14). Let x be (-8)/l*((-18)/(-4))/(-9). Calculate the highest common factor of x and 22.
2
Let v be 0 - 4 - 3/(6/112). Let t be (v/14)/(2/(-14)). What is the highest common divisor of 150 and t?
30
Suppose 72*y + 263 - 1055 = 0. Calculate the highest common divisor of y and 858.
11
Let m be (-4)/32 - (-313)/8. Let j = -3 + m. Suppose 2*y = 2*n - 20, 2*n - j = -n - 3*y. Calculate the greatest common divisor of 77 and n.
11
Suppose 0 = -32*d + 27*d + 235. What is the highest common factor of 423 and d?
47
Let p be ((-1)/(-4) - 1)*-4. Let m be (76/p)/(2/6). Let b = -40 + m. What is the highest common factor of b and 9?
9
Suppose 3*r - 5846 - 298 = -3*c, 0 = -3*r + 3*c + 6168. Calculate the greatest common factor of 76 and r.
76
Suppose 2*p - 15 = -p. Let s = p - 26. Let z = s + 50. What is the highest common factor of z and 29?
29
Suppose -2*f + 4 + 4 = -5*g, -5*f + 5*g = -20. Let z = 44 - 28. Calculate the greatest common divisor of z and f.
4
Suppose -p + 52 = -2*i, -p = i + 2*i - 72. What is the highest common divisor of p and 75?
15
Suppose 2*p + f = 10, 2*p + 4*f - 12 = 4. Calculate the greatest common divisor of p and 128.
4
Suppose 0 = -3*x - 15, -2*x - 15 = -2*b + 19. What is the highest common divisor of b and 84?
12
Let a(h) = 17*h**2 + 52*h - 11. Let y be a(-6). Calculate the greatest common divisor of y and 187.
17
Let p be (-14)/(-3) + (-5)/(-15). Suppose -p*k - 8 = -13. What is the greatest common factor of 8 and k?
1
Suppose 0 = -f - s + 94, -8*s = 4*f - 13*s - 421. Let l be 0 + -2 + 11*1. Calculate the highest common divisor of f and l.
9
Let l(u) = 13*u - 102 + 41 + 45. Let o be l(8). What is the highest common divisor of 11 and o?
11
Let o(r) = -r**3 + 16*r**2 - 11*r - 48. Let y be o(15). What is the highest common factor of y and 80?
4
Suppose f + 2*i - 10 = 5*f, -4*f = 2*i - 10. Suppose 8*d - d - 504 = f. Calculate the highest common divisor of d and 180.
36
Suppose -15 = -b - 2*b. Suppose -3*j + 12 = w, j = -4*j - b*w + 30. Let o be (j/(-5))/((-5)/25). Calculate the highest common factor of o and 24.
3
Suppose -14 = f - 2*r - 5, 0 = -3*r + 6. Let g be (-32)/f - (52/(-20) + 3). What is the greatest common divisor of 10 and g?
2
Let w be (4/(-10))/(3 + (-1083)/360). Let o(i) = i**2 - 10*i + 6. Let c be o(10). What is the highest common factor of w and c?
6
Let k = -1724 - -2074. Calculate the greatest common divisor of 280 and k.
70
Let g = -120 - -124. Suppose 0 = -g*d - 4*z + 96, -4*z + 34 + 34 = 3*d. What is the highest common factor of d and 4?
4
Let i = -9 + 37. Let c(h) = 14*h**2 + 81*h - 10. Let o be c(-6). Calculate the highest common factor of o and i.
4
Let l be (344/((-64)/(-8)))/(0 - -1). Calculate the greatest common divisor of l and 1.
1
Suppose 3*o - t = 116 + 94, o = -t + 70. What is the highest common divisor of o and 42?
14
Suppose 3*w + 3*v = 96, 4*w - 6*v - 17 = 111. What is the greatest common factor of w and 992?
32
Let m be (-7)/42 + 2994/36 + -6. Let i = -7 + 18. What is the greatest common divisor of m and i?
11
Let u = -9 + 17. Let q be 2*(-4)/u - -3. Let k be q*1*5/2. What is the greatest common factor of k and 2?
1
Let j = 86 + -82. What is the greatest common divisor of 628 and j?
4
Suppose 3*c + 0*c + 5 = q, q - 5*c = 7. Let t(u) = 25*u + 1. Let s be t(q). Suppose -7*f + 136 = -3*f. What is the highest common factor of s and f?
17
Let a = -221 + 134. Let i = -66 - a. What is the highest common divisor of 189 and i?
21
Let i be 2/12 - 893/(-114). What is the greatest common divisor of 124 and i?
4
Suppose 0 = -2*u - 2*u - 24. Let l(o) = o + 8. Let w be l(u). Suppose w*z - 14 = 4*k, 4*k = 5*z - k - 60. Calculate the greatest common factor of z and 68.
17
Let a be 4/(-6)*(-171)/3. What is the highest common factor of a and 247?
19
Let y = -184 - -266. Calculate the highest common factor of 205 and y.
41
Suppose 4*q + 35 + 21 = 0. Let m be (-21)/q*(-72)/(-3). What is the greatest common factor of m and 24?
12
Let l(n) = 97*n**2 - n. Let i be l(-1). Suppose -6*k + 8 = -4*k, -4*k = 4*y + 196. Let g = i + y. Calculate the highest common factor of g and 5.
5
Suppose 93 = 2*v + 71. Calculate the greatest common factor of v and 33.
11
Let w be (-4)/(-1)*(-135)/(-6). Let k(s) = -s + 11. Let y be k(-7). Let m = 28 - y. What is the greatest common divisor of m and w?
10
Suppose n - 122 = -5*b, b + 3*n = 4*n + 28. Calculate the greatest common divisor of b and 125.
25
Let l = 227 - 87. Let v be (-12)/(5/((-10)/3)). Let a(q) = q**2 - 5*q - 4. Let b be a(v). What is the greatest common factor of l and b?
20
Suppose 2284 - 295 = 17*y. Calculate the highest common divisor of y and 18.
9
Suppose 0 = -9*z + 2*z + 1155. Calculate the greatest common divisor of 3 and z.
3
Suppose 46 - 190 = -3*m. Calculate the highest common divisor of 1296 and m.
48
Let h be 0 + 0 + 0 - 2. Let r = -175 + h. Let i = -89 - r. What is the highest common divisor of 8 and i?
8
Suppose 0 = 3*u - 4*c + 74, 6*u - 3*u + 2*c + 44 = 0. Let v = u - -46. Calculate the highest common divisor of v and 196.
28
Let a be 2*(5/(-2) + -5)*-7. What is the highest common factor of a and 75?
15
Let v = -13 - -31. Suppose 0*t + 3*t - 60 = -3*l, -l = 3*t - 56. Calculate the highest common factor of t and v.
18
Let n(d) = -d**2 + d + 1. Let b(m) = -2*m**2 - 9*m - 3. Let c(x) = b(x) - 3*n(x). Let t be c(13). Calculate the highest common divisor of t and 63.
7
Let r be 2926/(-84) + 2/(-12)*1. Let w be ((-144)/15)/(14/r). Calculate the highest common factor of w and 72.
24
Let i(j) = 6*j - 62. Let c be i(11). Suppose z - 5*p - 8 = 27, 4*p + 124 = c*z. What is the greatest common divisor of 15 and z?
15
Let z(q) = -q**3 + 32*q**2 - 91*q + 125. Let f be z(29). Let v be (6/(-4))/((-2)/4). What is the highest common factor of v and f?
3
Let j(h) = -h**3 + 15*h**2 - 28*h - 23. Let u be j(12). Calculate the highest common factor of u and 1971.
73
Let p(k) = k**3 + 6*k**2 - 2*k + 3. Let w be p(-6). Suppose 0 = -y - w + 11. Let v be (-4)/y - 4 - -8. What is the highest common factor of 35 and v?
5
Suppose f - 18 + 1 = 5*n, -4*n + 2*f = 10. Let v be -4 - ((n - -8) + -12). Suppose 236 + v = 10*c. What is the greatest common factor of 192 and c?
24
Let x(n) = -26 - n + 31 - 2*n. Let q be x(-3). Calculate the highest common factor of 2 and q.
2
Suppose -4 = i - 34. Let l = 14 + i. Suppose 3*j - 4*j + l = 0. What is the greatest common factor of j and 11?
11
Sup